{"id":110,"date":"2016-06-27T12:10:06","date_gmt":"2016-06-27T10:10:06","guid":{"rendered":"http:\/\/simonamenichelli.it\/?page_id=110"},"modified":"2016-08-30T12:16:41","modified_gmt":"2016-08-30T10:16:41","slug":"terapia-familiare-2","status":"publish","type":"page","link":"http:\/\/simonamenichelli.it\/index.php\/terapie\/terapia-familiare-2\/","title":{"rendered":"Terapia Familiare"},"content":{"rendered":"<p><img decoding=\"async\" loading=\"lazy\" class=\"size-medium wp-image-59 alignleft\" src=\"http:\/\/simonamenichelli.it\/wp-content\/uploads\/2016\/06\/terapia-della-famiglia1_7-300x206.jpg\" alt=\"Terapia di coppia\" width=\"300\" height=\"206\" srcset=\"http:\/\/simonamenichelli.it\/wp-content\/uploads\/2016\/06\/terapia-della-famiglia1_7-300x206.jpg 300w, http:\/\/simonamenichelli.it\/wp-content\/uploads\/2016\/06\/terapia-della-famiglia1_7.jpg 320w\" sizes=\"(max-width: 300px) 100vw, 300px\" \/>Dal punto di vista psicologico, la famiglia viene considerata come un sistema complesso con una storia e con compiti evolutivi specifici. Nel corso del ciclo vitale, la famiglia affronta degli eventi critici, alcuni prevedibili, come l&#8217;uscita di un membro, o l&#8217;entrata nell&#8217;adolescenza di un figlio, ecc. Altri invece sono imprevedibili, come i problemi di salute, le separazioni, la perdita del lavoro, ecc. Tutti questi eventi, seppur diversi nei gradi di gravit\u00e0, sono fortemente stressanti per la famiglia e impongono una riorganizzazione del sistema. Pertanto, il sistema familiare \u00e8 sottoposto a continui cambiamenti interni ed esterni, che deve affrontare pur mantenendo la sua continuit\u00e0 e accomodandosi alla societ\u00e0 in trasformazione. Il sistema famiglia sostiene i suoi membri, che affrontano, quotidianamente, situazioni nuove e spesso difficili e quando la famiglia non riesce ad attuare il cambiamento e si blocca ad una tappa del ciclo vitale, interrompendone l\u2019evoluzione, possono nascere problemi.<\/p>\n<p>Il terapeuta non considera il singolo individuo come \u201cmalato\u201d e gli altri \u201csani\u201d, ma considera tutti i membri come appartenenti allo stesso sistema all\u2019interno del quale si strutturano le diverse personalit\u00e0. Allora, il sintomo, manifestato dal paziente designato, acquista un significato e una specifica funzione, all\u2019interno delle relazioni familiari.<\/p>\n<p>Con la terapia si favorisce la possibilit\u00e0 di trovare nuove e pi\u00f9 funzionali modalit\u00e0 di ascolto reciproco e di espressione dei bisogni personali. L&#8217;intervento terapeutico ha come scopo, sia la soluzione del problema, o del conflitto, presentato dalla famiglia, che il benessere psicofisico di ciascun suo membro, favorendo un incremento della differenziazione del s\u00e9 rispetto agli altri.<\/p>\n<p>Anche quando la sofferenza \u00e8 espressa drammaticamente da un singolo componente della famiglia, un approccio terapeutico ispirato al pensiero relazionale sistemico, \u00e8 in grado di cogliere la doppia valenza nel disagio espresso nella sintomatologia del singolo: da un lato il sintomo segnala alla famiglia l&#8217;esistenza di un disagio e, dall&#8217;altro, la protegge, attraverso l&#8217;accentramento su di s\u00e9 delle preoccupazioni degli altri membri.\u00a0 Infine, la terapia familiare \u00e8 particolarmente indicata nel caso in cui il portatore del disagio sia un bambino. In questo caso infatti, senza l&#8217;aiuto ed il permesso dei genitori,il bambino difficilmente potr\u00e0 permettersi di stare meglio.<\/p>\n<p>Nel corso della terapia non si tratta solo di aiutare la famiglia a capire, spiegare e interpretare la propria situazione, ma piuttosto di comprendere il pi\u00f9 presto possibile il \u201cgioco familiare\u201d, che contribuisce al mantenimento dei sintomi. L\u2019obiettivo \u00e8 quello di disinnescare comportamenti consolidati, di cambiare il sistema e le regole e di creare un nuovo equilibrio.<\/p>\n<p>l percorso di terapia familiare \u00e8 volto inoltre ad eliminare le difficolt\u00e0, intervenendo sulle dinamiche interattive disfunzionali in atto e facendo leva sulle risorse e potenzialit\u00e0 latenti della famiglia per condurla alla soluzione delle problematiche e ad un nuovo equilibrio che possa consentire il benessere personale dei suoi membri e quello dell&#8217;intera famiglia.<\/p>\n<p>E&#8217; infatti\u00a0 possibile comprendere il significato di una difficolt\u00e0 in et\u00e0 evolutiva, sia espressa in termini comportamentali che psichici o\/e somatici,\u00a0 attraverso la conoscenza dei contesti \u00a0nei quali il bambino, o l&#8217;adolescente, \u00e8 calato e le dinamiche relazionali che sostengono o amplificano il disagio intervenendo su esse.<\/p>\n<p>La terapia familiare sistemico-relazionale \u00e8 dunque indicata per le difficolt\u00e0 della coppia coniugale, della famiglia e per i disagi dell&#8217;infanzia e dell&#8217;adolescenza.33<\/p>\n","protected":false},"excerpt":{"rendered":"<p>Dal punto di vista psicologico, la famiglia viene considerata come un sistema complesso con una storia e con compiti evolutivi specifici. Nel corso del ciclo vitale, la famiglia affronta degli eventi critici, alcuni prevedibili, come l&#8217;uscita di un membro, o&#8230;<br \/><a class=\"read-more-button\" href=\"http:\/\/simonamenichelli.it\/index.php\/terapie\/terapia-familiare-2\/\">Leggi il seguito<\/a><\/p>\n","protected":false},"author":1,"featured_media":0,"parent":14,"menu_order":3,"comment_status":"closed","ping_status":"closed","template":"","meta":[],"_links":{"self":[{"href":"http:\/\/simonamenichelli.it\/index.php\/wp-json\/wp\/v2\/pages\/110"}],"collection":[{"href":"http:\/\/simonamenichelli.it\/index.php\/wp-json\/wp\/v2\/pages"}],"about":[{"href":"http:\/\/simonamenichelli.it\/index.php\/wp-json\/wp\/v2\/types\/page"}],"author":[{"embeddable":true,"href":"http:\/\/simonamenichelli.it\/index.php\/wp-json\/wp\/v2\/users\/1"}],"replies":[{"embeddable":true,"href":"http:\/\/simonamenichelli.it\/index.php\/wp-json\/wp\/v2\/comments?post=110"}],"version-history":[{"count":2,"href":"http:\/\/simonamenichelli.it\/index.php\/wp-json\/wp\/v2\/pages\/110\/revisions"}],"predecessor-version":[{"id":112,"href":"http:\/\/simonamenichelli.it\/index.php\/wp-json\/wp\/v2\/pages\/110\/revisions\/112"}],"up":[{"embeddable":true,"href":"http:\/\/simonamenichelli.it\/index.php\/wp-json\/wp\/v2\/pages\/14"}],"wp:attachment":[{"href":"http:\/\/simonamenichelli.it\/index.php\/wp-json\/wp\/v2\/media?parent=110"}],"curies":[{"name":"wp","href":"https:\/\/api.w.org\/{rel}","templated":true}]}}